-2*h = 4*x, 4*h - c*x = -7*x. Let j(r) = r + 16. Is 7 a factor of j(h)?
False
Let z be (-26)/12 + (-2)/(-12). Let s(h) = h**3 + 4*h**2 + h + 1. Is 3 a factor of s(z)?
False
Suppose -4*x - 15 + 3 = w, -4*w + 20 = -x. Suppose -67 = -w*y - 11. Does 14 divide y?
True
Is -1*((-97)/1 + 1) a multiple of 24?
True
Suppose 1 = -3*d - 8, 4*d = -4*i - 28. Let o be i/(3 + (-1 - 1)). Does 14 divide ((-18)/o)/((-3)/(-18))?
False
Let c = -363 - -560. Does 8 divide c?
False
Is (-2*3)/(-2) - -3 a multiple of 3?
True
Let s(k) = 66*k + 30. Is 45 a factor of s(4)?
False
Suppose 2*n - 5*v - 70 = 0, -147 = -5*n + 5*v + 58. Suppose 4*t + n = 341. Is t a multiple of 37?
True
Let k(n) be the first derivative of n**4/4 - 7*n**3/3 - 5*n**2/2 + 10*n + 3. Does 17 divide k(8)?
True
Let r(l) = -l + 2. Let m be r(-3). Let u = m - 5. Suppose u = 2*w - 0*j + 3*j - 49, 4*w - 2*j - 90 = 0. Does 15 divide w?
False
Suppose -4*i = 15 + 65. Let c = 43 + i. Does 7 divide c?
False
Suppose 2*v - 3*a = 13, 0 = -v + a + 7. Suppose -k - 2 + v = 0. Does 3 divide k?
True
Let r be 442/12 - 7/(-42). Let j be (-40)/(-3) - (-1)/(-3). Let k = r - j. Is 12 a factor of k?
True
Let c = -10 - 0. Does 6 divide 1 + (3 + c)*-2?
False
Suppose -2*h + 32 = -h. Is h a multiple of 14?
False
Let t(u) = -2 - 4*u - 5 + 1. Suppose 0 = -a - 2*a - 21. Does 12 divide t(a)?
False
Suppose 4*f - 2*o - 380 = 0, f - 77 = 3*o + 2*o. Suppose 2*d - 4*m - 78 = 0, f = 3*d - 5*m + 4*m. Let s = d - -4. Does 16 divide s?
False
Suppose q + q = 80. Let r be (3/(-3))/((-1)/2). Suppose -j + r = -q. Is j a multiple of 11?
False
Let g(j) = j**2 - j - 10. Let n be g(0). Let f(x) = x**3 + 10*x**2 - 4*x - 15. Is 13 a factor of f(n)?
False
Let j(v) = -v**2 - 11*v + 5. Let t be 79/9 + 4/18. Suppose 3*k + t = -21. Does 15 divide j(k)?
True
Suppose 4*v = -4*j + 32 + 200, -164 = -3*j - v. Is j a multiple of 21?
False
Suppose 9*l - 5*l - 140 = 0. Let f = 67 - l. Is 16 a factor of f?
True
Is 7 a factor of 7/(156/240 + 4/(-10))?
True
Suppose -2*n - 15 = -7*n. Suppose -2*a = -4*z + 216, 6*z - n*a - 272 = z. Is 26 a factor of z?
True
Let r(d) be the third derivative of d**5/60 - d**4/8 + 2*d**3/3 + d**2. Let q be r(3). Is 6 a factor of q/((-8)/3)*-8?
True
Let b be (-3)/9 - (-146)/6. Let x = b + -4. Is x a multiple of 7?
False
Let z(t) = t**2 - 5. Let l(m) = -7 + 2 - m - 4 + m**2. Let k(d) = -3*l(d) + 5*z(d). Does 9 divide k(3)?
False
Suppose 4*i + s - 2*s - 13 = 0, -5*i + 20 = -2*s. Suppose 0 = -6*r + i*r + 32. Suppose b - r = g, 2*g + 12 = 6*g. Is 4 a factor of b?
False
Let p = 45 - -43. Is p a multiple of 42?
False
Let v(a) = a**2 - 7*a - 17. Is 21 a factor of v(13)?
False
Let s(m) = m**3 - 9*m**2 + 9*m - 5. Let y be s(8). Let h be 6/(2 - 10/8). Suppose -y*g = -g - h. Is g a multiple of 4?
True
Let r(u) be the third derivative of u**6/60 - u**5/20 - 5*u**4/24 + u**3/2 - 4*u**2. Let v be r(3). Suppose 0 = -2*x - 3*x + v. Is x even?
False
Let y(u) = 20*u**2 + 3*u + 2. Is y(-1) a multiple of 7?
False
Let i = -11 + 46. Suppose 3*c = 15, 4*c - i = -5*x - 0*x. Suppose -6*k + 18 = -x*k. Does 3 divide k?
True
Let o(z) = -6*z + 4*z - 7*z - 2 - 1. Let q = -7 - -5. Does 5 divide o(q)?
True
Let o be (0 + 0 + 3)/1. Suppose 0 = 4*j + 2*u - 6*u - 12, -u = -4*j + 9. Suppose 2*m = 5*s - 104, o*m + j = 2*m. Is 10 a factor of s?
True
Suppose 7 - 43 = -2*c. Suppose 0 = -2*j + p + 13, -j - c = 4*p - 2. Is 3 a factor of j?
False
Does 19 divide 9/6*(-336)/(-18)?
False
Let k(q) = -10*q + 1. Let p be k(1). Let y be (3 - 0)*78/p. Let g = y + 40. Does 7 divide g?
True
Let y = 64 - 105. Let p = -23 - y. Is 10 a factor of p?
False
Suppose 0 = -7*l - 175 + 1043. Does 6 divide l?
False
Let r = 20 + -10. Does 6 divide r?
False
Suppose -o + 3 = -3. Let q(r) = r**2 - r. Does 15 divide q(o)?
True
Suppose -2*x + 3*x = 1. Is (-7)/7 - (-7 - x) a multiple of 3?
False
Let u = 3 + 0. Suppose -141 = -u*h - 0*z - z, -5*h = 3*z - 231. Is 24 a factor of h?
True
Let z be 1 - 0/(3 + -1). Suppose -z + 3 = -x. Let g(h) = -11*h + 2. Is 12 a factor of g(x)?
True
Let v = 2 + -10. Let g = v - -10. Suppose -g*d = -5*p - 41, -3*d = 8*p - 3*p - 99. Is d a multiple of 28?
True
Let d(w) = -w**2 - 6*w - 5. Let v be d(-5). Suppose v = -5*i + 11 + 79. Does 10 divide i?
False
Suppose 3*k + 21 = 114. Let t = k + -22. Is t*1 + 0/(-3) a multiple of 5?
False
Suppose -6 = 7*w - 3*w - 3*z, 0 = -3*w - 3*z + 6. Let r(q) be the second derivative of q**3/6 + 18*q**2 - q. Is 13 a factor of r(w)?
False
Let v be 15 + 2 - 0/(-2). Let o = 9 + v. Does 19 divide o?
False
Suppose -4*x + 2 = -2*x. Let l be x - (1 + -3 + 6). Is 3 a factor of (3 - (-17)/(-3))*l?
False
Let k(w) = 19*w - 3. Let b(a) = -20*a + 2. Let o(x) = 3*b(x) + 2*k(x). Let t be o(-4). Suppose -5*h = -h - t. Does 11 divide h?
True
Suppose 0 = 4*w + w - y + 202, -32 = w + 4*y. Is 9 a factor of 0 + (-1)/(2/w)?
False
Let q = 7 + -7. Suppose q*r + 8 = 4*r. Suppose r*g + 115 = 7*g. Is g a multiple of 23?
True
Let p(w) = -17*w**3 + 4*w**2 + 7*w + 4. Does 38 divide p(-2)?
False
Let z(c) = 30*c. Is 15 a factor of z(1)?
True
Suppose -4*h + 20 = -0*h, 5*b - 55 = 3*h. Suppose 0 = -v + 4*t + b, 6*t - t + 15 = 0. Suppose -v*d + 45 = 3*d. Is d a multiple of 8?
False
Let a be 1/(-2)*2*-4. Suppose a*d + 0*d = 320. Suppose 5*v = 2*s + 2*s + d, s - 19 = -2*v. Is 12 a factor of v?
True
Suppose 5*s - 225 = 5*o + 100, 0 = s + 4*o - 60. Let t = -43 + s. Does 17 divide t?
False
Let k(q) = 5*q**2 + 5*q + 4. Let v be k(-3). Let s(f) = -f**2 - 10*f - 7. Let m be s(-9). Suppose -10 = -m*r + v. Is 11 a factor of r?
True
Suppose 5*v - 864 = -3*v. Is 18 a factor of v?
True
Let c = 3 - 1. Suppose 0*n + c*i - 11 = -3*n, 5*n - 14 = i. Suppose n*j = j + 40. Does 13 divide j?
False
Let g(j) = 2*j - 1. Let f be g(3). Let k(c) = 2*c - 2 - 3 + 0*c + 0. Is 2 a factor of k(f)?
False
Suppose 0 = -5*m + 15 + 40. Is m even?
False
Suppose h - 5*t = -0*h + 8, 0 = -3*h - t + 8. Suppose 6 - 1 = r. Suppose 0 = 5*z - h*x - 40, 9 = -r*z + 5*x + 39. Is 11 a factor of z?
True
Let d = -23 - -82. Let t = d - 30. Does 15 divide t?
False
Let u(t) = 4*t**2 - 1. Let i be u(-1). Let l be (0 - (0 + 1))*-29. Suppose l + 46 = i*y. Does 14 divide y?
False
Suppose -z + 31 = g, -g = -4*g - 4*z + 95. Let i(v) = v**3 + 4*v**2 - v - 1. Let s be i(-4). Let o = s + g. Is o a multiple of 16?
True
Suppose 6*q = 5*q + 9. Does 2 divide q?
False
Let t = 4 - -64. Does 17 divide t?
True
Suppose 89 = 4*a - 467. Suppose -x + k + 19 + 27 = 0, -3*x + a = -4*k. Is x a multiple of 9?
True
Let h = 6 - 14. Is (7 - 6) + h/(-2) a multiple of 2?
False
Suppose -5*a + 2*i = -i - 68, -a = -2*i - 8. Is 16 a factor of a?
True
Suppose q = -2*q + 294. Suppose o - q = -4*z + 25, 0 = z + 5*o - 45. Suppose 0 = 5*l - 10 - z. Does 5 divide l?
False
Suppose -4*c + 18 = -54. Is c a multiple of 6?
True
Suppose 2*g = -g + 9. Is 3 a factor of (-2 - -1)*(-24)/g?
False
Let x(p) = -12*p - 6. Does 6 divide x(-4)?
True
Let c(p) = -p**3 - 9*p**2 + 11*p - 2. Let y be c(-11). Suppose u + 4*u - 135 = -i, y = 4*u + 3*i. Is 13 a factor of u?
True
Let g = -4 - 1. Let m be 41/g + 1/5. Let i(z) = -z - 3. Does 5 divide i(m)?
True
Let m(q) = -49*q + 5. Let u be m(5). Is (u/42)/((-4)/14) a multiple of 5?
True
Let m(t) = -4*t**2 + 5 - 4 + 0. Let l be m(-1). Does 7 divide 30/(-4)*8/l?
False
Let t be 2/8 - 1/4. Let b be 32 - t/(2 + -3). Suppose 4*c - 4*o = 88, -2*c + b = -c - 3*o. Is c a multiple of 17?
True
Let n be 3/((-3)/(-92)) - 0. Is 23 a factor of (3/2)/(6/n)?
True
Let c(r) = 57 + 0*r + 2*r - 3*r. Let x = -19 - -19. Does 21 divide c(x)?
False
Let b(u) = 15*u**2 - 10*u + 3. Is b(2) a multiple of 15?
False
Suppose 0 = t + 5*o + 15, 4*o + 31 = 5*t - 2*t. Suppose 2*v - 11 = 5*f, v + 4*v = -t*f + 115. Is 14 a factor of v?
False
Suppose -5*t - 15 - 50 = 0. Let u = t - -35. Does 9 divide (-4)/(-8)*u*1?
False
Suppose 4*t - 335 = -5*q, 0 = t + 6*q - 2*q - 81. Does 9 divide t?
False
Let d = 314 + -169. Is d a multiple of 29?
True
Suppose 6*x - 22 = 4*x. Suppose -x = -5*d - 36. Let f = d - -11. Does 4 divide f?
False
Suppose 3*i = 5*r - 136, -28 = -r - 0*i + i. Let d = 47 - r. Is 7 a factor of d?
True
Suppose -2 = -2*c, -2*k + 6*k = 5*c + 35. Suppose -4*l = -b + k, -2*l = -4*b + 2*b + 26. Is 14 a factor of b?
True
Suppose 2*o + 1 = 3*v - 2*v, -o = -3*v + 13. Suppose -5*d + 82 = -